{"id":20,"date":"2021-07-27T18:49:34","date_gmt":"2021-07-27T21:49:34","guid":{"rendered":"http:\/\/192.168.0.106\/stacione\/?page_id=20"},"modified":"2023-09-11T09:09:36","modified_gmt":"2023-09-11T12:09:36","slug":"irece","status":"publish","type":"page","link":"https:\/\/somaparkpay.com.br\/site\/irece\/","title":{"rendered":"Soma Park Irec\u00ea"},"content":{"rendered":"\n<h2>COMO FUNCIONA<\/h2>\n\n\n\n<p>Conhe\u00e7a melhor o <strong>Soma Park<\/strong>,<br>um sistema moderno e pr\u00e1tico que facilitar\u00e1 ao usu\u00e1rio a encontrar<br>uma vaga para estacionar no centro de Irec\u00ea.<\/p>\n\n\n\n<p><strong>Sede Irec\u00ea<\/strong><\/p>\n\n\n\n<p>Rua Aur\u00e9lio Jos\u00e9 Marques, N\u00b0 26 &#8211; Beco de Fl\u00e1vio Lanches, Centro. <br>Centro Empresarial Adeni Miranda.<\/p>\n\n\n\n<div style=\"height:50px\" aria-hidden=\"true\" class=\"wp-block-spacer\"><\/div>\n\n\n\n<h4>CONHE\u00c7A AS REGRAS PARA IREC\u00ca:<\/h4>\n\n\n\n<p class=\"has-text-align-center\">&#8211; Toler\u00e2ncia de 10 minutos pra aquisi\u00e7\u00e3o do ticket.<\/p>\n\n\n\n<p class=\"has-text-align-center\">&#8211; Se comprar o ticket ap\u00f3s 10 minutos, o per\u00edodo inicia a partir do hor\u00e1rio final da notifica\u00e7\u00e3o.&nbsp;<\/p>\n\n\n\n<p class=\"has-text-align-center\">&#8211; Sistema deve conhecer a compra fracionada de 30 minutos dentro dos 10 minutos apenas 1 vez por dia.&nbsp;<\/p>\n\n\n\n<p class=\"has-text-align-center\">&#8211; 20 minutos de toler\u00e2ncia gr\u00e1tis para Carga e descarga. Ap\u00f3s este per\u00edodo \u00e9 gerado a notifica\u00e7\u00e3o.&nbsp;<\/p>\n\n\n\n<div style=\"height:51px\" aria-hidden=\"true\" class=\"wp-block-spacer\"><\/div>\n\n\n\n<h2 class=\"has-white-color has-text-color\"><strong>HOR\u00c1RIO DE FUNCIONAMENTO<\/strong><\/h2>\n\n\n\n<div style=\"height:50px\" aria-hidden=\"true\" class=\"wp-block-spacer\"><\/div>\n\n\n\n<figure class=\"wp-block-table is-style-stripes\"><table><tbody><tr><td>SEGUNDA \u00c0 SEXTA<\/td><td><strong>S\u00c1BADOS<\/strong><\/td><\/tr><tr><td>das 08:00 \u00e0s 18:00<\/td><td>das 08:00 \u00e0s 13:00<\/td><\/tr><\/tbody><\/table><\/figure>\n\n\n\n<h2 class=\"has-text-align-center has-white-color has-text-color\"><strong>TARIFAS<\/strong><\/h2>\n\n\n\n<div style=\"height:50px\" aria-hidden=\"true\" class=\"wp-block-spacer\"><\/div>\n\n\n\n<h2 class=\"has-text-align-center\">Carros<\/h2>\n\n\n\n<figure class=\"wp-block-table is-style-stripes\"><table class=\"has-white-color has-text-color\"><tbody><tr><td class=\"has-text-align-center\" data-align=\"center\">1 h<\/td><td class=\"has-text-align-center\" data-align=\"center\">R$2,80<\/td><\/tr><tr><td class=\"has-text-align-center\" data-align=\"center\">2 h<\/td><td class=\"has-text-align-center\" data-align=\"center\">R$5,60<\/td><\/tr><tr><td class=\"has-text-align-center\" data-align=\"center\">3 h<\/td><td class=\"has-text-align-center\" data-align=\"center\">R$8,40<\/td><\/tr><tr><td class=\"has-text-align-center\" data-align=\"center\">4 h<\/td><td class=\"has-text-align-center\" data-align=\"center\">R$ 11,20<\/td><\/tr><\/tbody><\/table><\/figure>\n\n\n\n<p class=\"has-text-align-center\">Ap\u00f3s 24h aplica-se a tarifa de P\u00f3s uso R$ 22,40&nbsp;<\/p>\n\n\n\n<h2 class=\"has-text-align-center\">Motos<\/h2>\n\n\n\n<figure class=\"wp-block-table is-style-stripes\"><table class=\"has-white-color has-text-color\"><tbody><tr><td class=\"has-text-align-center\" data-align=\"center\">1 h<\/td><td class=\"has-text-align-center\" data-align=\"center\">R$1,00<\/td><\/tr><tr><td class=\"has-text-align-center\" data-align=\"center\">2 h<\/td><td class=\"has-text-align-center\" data-align=\"center\">R$2,00<\/td><\/tr><\/tbody><\/table><\/figure>\n\n\n\n<p class=\"has-text-align-center\">Ap\u00f3s 24h aplica-se a tarifa de P\u00f3s uso R$ 8,00&nbsp;<\/p>\n\n\n\n<h2 class=\"has-text-align-center\">Veiculo Urbano de carga<\/h2>\n\n\n\n<figure class=\"wp-block-table is-style-stripes\"><table class=\"has-white-color has-text-color\"><tbody><tr><td class=\"has-text-align-center\" data-align=\"center\">1 h<\/td><td class=\"has-text-align-center\" data-align=\"center\">R$ 5,60<\/td><\/tr><tr><td class=\"has-text-align-center\" data-align=\"center\">2 h<\/td><td class=\"has-text-align-center\" data-align=\"center\">R$ 11,20<\/td><\/tr><\/tbody><\/table><\/figure>\n\n\n\n<div style=\"height:50px\" aria-hidden=\"true\" class=\"wp-block-spacer\"><\/div>\n\n\n\n<p class=\"has-text-align-center\">*Caminh\u00e3o at\u00e9 7 metros *<\/p>\n\n\n\n<p class=\"has-text-align-center\">1H &#8211; R$5,60<\/p>\n\n\n\n<div style=\"height:50px\" aria-hidden=\"true\" class=\"wp-block-spacer\"><\/div>\n\n\n\n<p class=\"has-text-align-center\">Carro Propaganda<\/p>\n\n\n\n<p class=\"has-text-align-center\">Di\u00e1ria &#8211; R$ 19,60<\/p>\n\n\n\n<div style=\"height:50px\" aria-hidden=\"true\" class=\"wp-block-spacer\"><\/div>\n\n\n\n<p class=\"has-text-align-center\">Ca\u00e7amba estacionaria de entulho<\/p>\n\n\n\n<p class=\"has-text-align-center\">Di\u00e1ria &#8211; R$ 19,60<\/p>\n\n\n\n<div style=\"height:50px\" aria-hidden=\"true\" class=\"wp-block-spacer\"><\/div>\n\n\n\n<h2 class=\"has-text-align-center\"><strong>Notifica\u00e7\u00f5es<\/strong><\/h2>\n\n\n\n<p class=\"has-text-align-center\">Caminh\u00e3o superior ao permitido maior que 7 metros R$ 22,40<\/p>\n\n\n\n<p class=\"has-text-align-center\">Motocicleta estacionada em vaga de carro ou em vaga incompat\u00edvel R$ 8,00<\/p>\n\n\n\n<p class=\"has-text-align-center\">Carro estacionado em vaga de moto ou em vaga incompat\u00edvel R$ 22,40<\/p>\n\n\n\n<p class=\"has-text-align-center\">Carro ocupando 2 vagas R$ 5,60<\/p>\n\n\n\n<div style=\"height:50px\" aria-hidden=\"true\" class=\"wp-block-spacer\"><\/div>\n\n\n\n<p>O usu\u00e1rio poder\u00e1 utilizar as vagas da \u00c1rea Azul de Irec\u00ea durante o dia todo, devendo mudar o ve\u00edculo de vaga dentro do per\u00edodo definido para a \u00e1rea onde estacionou.<\/p>\n\n\n\n<p>O per\u00edodo m\u00e1ximo para estacionamento em uma vaga \u00e9 de 2 horas consecutivas.<\/p>\n\n\n\n<p>Os usu\u00e1rios que n\u00e3o efetuarem o pagamento receber\u00e3o uma notifica\u00e7\u00e3o e a n\u00e3o quita\u00e7\u00e3o acarretar\u00e1 no recebimento de um auto de infra\u00e7\u00e3o por parte dos usu\u00e1rios.<\/p>\n\n\n\n<p>Lembre-se de adquirir o tiquete de estacionamento de forma antecipada. O n\u00e3o pagamento ou uso incorreto das vagas estar\u00e1 sujeito a san\u00e7\u00f5es administrativas e auto de infra\u00e7\u00e3o de tr\u00e2nsito conforme Legisla\u00e7\u00e3o Municipal e C\u00f3digo de Tr\u00e2nsito Brasileiro.<\/p>\n\n\n\n<p><\/p>\n\n\n\n<h2 class=\"has-text-align-center has-white-color has-text-color\">N\u00e3o poder\u00e3o estacionar sobre vagas destinadas a motocicletas.<\/h2>\n\n\n\n<div style=\"height:50px\" aria-hidden=\"true\" class=\"wp-block-spacer\"><\/div>\n\n\n\n\n\n<h2 class=\"has-text-align-center has-white-color has-text-color\"><strong> <strong>Perguntas frequentes<\/strong> <\/strong><\/h2>\n","protected":false},"excerpt":{"rendered":"<p>COMO FUNCIONA Conhe\u00e7a melhor o Soma Park,um sistema moderno e pr\u00e1tico que facilitar\u00e1 ao usu\u00e1rio a encontraruma vaga para estacionar no centro de Irec\u00ea. Sede Irec\u00ea Rua Aur\u00e9lio Jos\u00e9 Marques, N\u00b0 26 &#8211; Beco de Fl\u00e1vio Lanches, Centro. Centro Empresarial Adeni Miranda. CONHE\u00c7A AS REGRAS PARA IREC\u00ca: &#8211; Toler\u00e2ncia de 10 minutos pra aquisi\u00e7\u00e3o do &hellip; <\/p>\n<p class=\"link-more\"><a href=\"https:\/\/somaparkpay.com.br\/site\/irece\/\" class=\"more-link\">Continue reading<span class=\"screen-reader-text\"> &#8220;Soma Park Irec\u00ea&#8221;<\/span><\/a><\/p>\n","protected":false},"author":1,"featured_media":0,"parent":0,"menu_order":0,"comment_status":"closed","ping_status":"closed","template":"","meta":[],"_links":{"self":[{"href":"https:\/\/somaparkpay.com.br\/site\/wp-json\/wp\/v2\/pages\/20"}],"collection":[{"href":"https:\/\/somaparkpay.com.br\/site\/wp-json\/wp\/v2\/pages"}],"about":[{"href":"https:\/\/somaparkpay.com.br\/site\/wp-json\/wp\/v2\/types\/page"}],"author":[{"embeddable":true,"href":"https:\/\/somaparkpay.com.br\/site\/wp-json\/wp\/v2\/users\/1"}],"replies":[{"embeddable":true,"href":"https:\/\/somaparkpay.com.br\/site\/wp-json\/wp\/v2\/comments?post=20"}],"version-history":[{"count":38,"href":"https:\/\/somaparkpay.com.br\/site\/wp-json\/wp\/v2\/pages\/20\/revisions"}],"predecessor-version":[{"id":435,"href":"https:\/\/somaparkpay.com.br\/site\/wp-json\/wp\/v2\/pages\/20\/revisions\/435"}],"wp:attachment":[{"href":"https:\/\/somaparkpay.com.br\/site\/wp-json\/wp\/v2\/media?parent=20"}],"curies":[{"name":"wp","href":"https:\/\/api.w.org\/{rel}","templated":true}]}}